{"id":47,"date":"2012-11-26T22:34:13","date_gmt":"2012-11-26T21:34:13","guid":{"rendered":"http:\/\/levangilealecran.com\/?page_id=47"},"modified":"2020-04-05T12:17:55","modified_gmt":"2020-04-05T10:17:55","slug":"a-propos","status":"publish","type":"page","link":"https:\/\/levangilealecran.com\/?page_id=47","title":{"rendered":"A propos&#8230;"},"content":{"rendered":"<p>&gt; <strong><a href=\"https:\/\/levangilealecran.com\/wp-content\/uploads\/2020\/04\/2f1cfc78e96438da8f8b55e95502d566.pdf\" target=\"_blank\" rel=\"noopener noreferrer\">Mettre l&rsquo;Evangile \u00e0 l&rsquo;Ecran<\/a><\/strong>, (article de Benjamin Corbaz, dans le journal \u00ab\u00a0R\u00e9form\u00e9s\u00a0\u00bb, \u00e9dition La C\u00f4te, avril 2020)<\/p>\n<p>&gt; <strong><a href=\"https:\/\/levangilealecran.com\/wp-content\/uploads\/2020\/04\/Grandir-2015-6-p22-EALE.pdf\" target=\"_blank\" rel=\"noopener noreferrer\">Les invit\u00e9s de l&rsquo;Evangile \u00e0 l&rsquo;Ecran pour l&rsquo;Avent<\/a><\/strong>, (article dans GRANDIR par Vincent Lafargue, nov. 2015)<\/p>\n<p><strong>&gt;\u00a0<a href=\"http:\/\/levangilealecran.comwp-content\/uploads\/2012\/11\/EALE-Arc-en-Sierre.pdf\" target=\"_blank\" rel=\"noopener noreferrer\">L&rsquo;Evangile \u00e0 l&rsquo;Ecran\u00a0expliqu\u00e9 dans le journal Arc en Sierre<\/a>, <\/strong>(article de Chantal Salamin-B\u00e9rard, janvier 2014)<\/p>\n<p>&gt;<strong> <a href=\"http:\/\/levangilealecran.comwp-content\/uploads\/2018\/02\/EALE-FX.pdf\" target=\"_blank\" rel=\"noopener noreferrer\">L&rsquo;Evangile \u00e0 l&rsquo;Ecran dans \u00ab\u00a0Web &amp; Co et Pastorale\u00a0\u00bb<\/a><\/strong>\u00a0(ouvrage de J.-C. Boillat et F.-X Amherdt, 2013)<\/p>\n<p>L&rsquo;Evangile \u00e0 l&rsquo;Ecran est un projet n\u00e9 en 2012, \u00e0 l&rsquo;initiative d&rsquo;une \u00e9quipe de jeunes th\u00e9ologiens et sur une id\u00e9e de base du pasteur Martin Hoegger, pour offrir un parall\u00e8le \u00ab\u00a0jeune\u00a0\u00bb \u00e0 \u00ab\u00a0L&rsquo;Evangile \u00e0 la Maison\u00a0\u00bb.<\/p>\n<p>Notre but est de vous offrir, chaque vendredi, un verset de l&rsquo;Evangile du dimanche \u00e0 venir et une piste, \u00e0 partir de ce verset, pour bien vivre la semaine qui suit.<\/p>\n<p>Habituellement, les versets sont ceux que vous entendez le dimanche, donc issus de la traduction liturgique de l&rsquo;AELF. Leur site internet : <a title=\"AELF\" href=\"http:\/\/www.aelf.org\" target=\"_blank\" rel=\"noopener noreferrer\">www.aelf.org<\/a><\/p>\n<p>Pendant la Semaine Sainte, nous r\u00e9digeons et vous envoyons une piste QUOTIDIENNE.<\/p>\n<p>Et pendant le temps de l&rsquo;Avent, nous invitons un auteur par jour \u00e0 nous rejoindre, grands noms de la th\u00e9ologie ou purs anonymes, chaque jour ils vous offrent un calendrier de l&rsquo;Avent tandis que les cinq auteurs traditionnels s&rsquo;accordent quatre semaines de repos&#8230;<\/p>\n<p>Nous sommes partis d&rsquo;une <a href=\"http:\/\/www.facebook.com\/levangilealecran\" target=\"_blank\" rel=\"noopener noreferrer\">page facebook<\/a>. Ce site est fait pour toutes les personnes qui ne sont pas connect\u00e9es \u00e0 Facebook mais qui souhaitent nous suivre tout de m\u00eame.<\/p>\n<p>Vous souhaitez rejoindre l&rsquo;\u00e9quipe des auteurs ? Ecrivez-nous un <a href=\"mailto:benjamin@levangilealecran.com\" target=\"_blank\" rel=\"noopener noreferrer\">petit mail<\/a>.<\/p>\n<p>MERCI de votre int\u00e9r\u00eat pour notre projet&#8230;<\/p>\n<p>Lisez la Bible !<\/p>\n","protected":false},"excerpt":{"rendered":"<p>&gt; Mettre l&rsquo;Evangile \u00e0 l&rsquo;Ecran, (article de Benjamin Corbaz, dans le journal \u00ab\u00a0R\u00e9form\u00e9s\u00a0\u00bb, \u00e9dition La C\u00f4te, avril 2020) &gt; Les invit\u00e9s de l&rsquo;Evangile \u00e0 l&rsquo;Ecran pour l&rsquo;Avent, (article dans GRANDIR par Vincent Lafargue, nov. 2015) &gt;\u00a0L&rsquo;Evangile \u00e0 l&rsquo;Ecran\u00a0expliqu\u00e9 dans le journal Arc en Sierre, (article de Chantal Salamin-B\u00e9rard, janvier 2014) &gt; L&rsquo;Evangile \u00e0 l&rsquo;Ecran dans \u00ab\u00a0Web &amp; Co et Pastorale\u00a0\u00bb\u00a0(ouvrage de J.-C. Boillat et F.-X Amherdt, 2013) L&rsquo;Evangile \u00e0 l&rsquo;Ecran est un projet n\u00e9 en 2012, \u00e0 l&rsquo;initiative d&rsquo;une \u00e9quipe de jeunes th\u00e9ologiens et sur une id\u00e9e de base du pasteur Martin Hoegger, pour offrir un parall\u00e8le \u00ab\u00a0jeune\u00a0\u00bb \u00e0 \u00ab\u00a0L&rsquo;Evangile \u00e0 la Maison\u00a0\u00bb. Notre but est de vous offrir, chaque \u2026 <a class=\"continue-reading-link\" href=\"https:\/\/levangilealecran.com\/?page_id=47\"> Continue reading <span class=\"meta-nav\">&rarr; <\/span><\/a><\/p>\n","protected":false},"author":1,"featured_media":0,"parent":0,"menu_order":0,"comment_status":"open","ping_status":"open","template":"","meta":{"footnotes":""},"class_list":["post-47","page","type-page","status-publish","hentry"],"_links":{"self":[{"href":"https:\/\/levangilealecran.com\/index.php?rest_route=\/wp\/v2\/pages\/47","targetHints":{"allow":["GET"]}}],"collection":[{"href":"https:\/\/levangilealecran.com\/index.php?rest_route=\/wp\/v2\/pages"}],"about":[{"href":"https:\/\/levangilealecran.com\/index.php?rest_route=\/wp\/v2\/types\/page"}],"author":[{"embeddable":true,"href":"https:\/\/levangilealecran.com\/index.php?rest_route=\/wp\/v2\/users\/1"}],"replies":[{"embeddable":true,"href":"https:\/\/levangilealecran.com\/index.php?rest_route=%2Fwp%2Fv2%2Fcomments&post=47"}],"version-history":[{"count":30,"href":"https:\/\/levangilealecran.com\/index.php?rest_route=\/wp\/v2\/pages\/47\/revisions"}],"predecessor-version":[{"id":1969,"href":"https:\/\/levangilealecran.com\/index.php?rest_route=\/wp\/v2\/pages\/47\/revisions\/1969"}],"wp:attachment":[{"href":"https:\/\/levangilealecran.com\/index.php?rest_route=%2Fwp%2Fv2%2Fmedia&parent=47"}],"curies":[{"name":"wp","href":"https:\/\/api.w.org\/{rel}","templated":true}]}}

<p>&gt; <strong><a href="https://levangilealecran.com/wp-content/uploads/2020/04/2f1cfc78e96438da8f8b55e95502d566.pdf" target="_blank" rel="noopener noreferrer">Mettre l&rsquo;Evangile à l&rsquo;Ecran</a></strong>, (article de Benjamin Corbaz, dans le journal « Réformés », édition La Côte, avril 2020)</p>
<p>&gt; <strong><a href="https://levangilealecran.com/wp-content/uploads/2020/04/Grandir-2015-6-p22-EALE.pdf" target="_blank" rel="noopener noreferrer">Les invités de l&rsquo;Evangile à l&rsquo;Ecran pour l&rsquo;Avent</a></strong>, (article dans GRANDIR par Vincent Lafargue, nov. 2015)</p>
<p><strong>&gt; <a href="http://levangilealecran.comwp-content/uploads/2012/11/EALE-Arc-en-Sierre.pdf" target="_blank" rel="noopener noreferrer">L&rsquo;Evangile à l&rsquo;Ecran expliqué dans le journal Arc en Sierre</a>, </strong>(article de Chantal Salamin-Bérard, janvier 2014)</p>
<p>&gt;<strong> <a href="http://levangilealecran.comwp-content/uploads/2018/02/EALE-FX.pdf" target="_blank" rel="noopener noreferrer">L&rsquo;Evangile à l&rsquo;Ecran dans « Web &amp; Co et Pastorale »</a></strong> (ouvrage de J.-C. Boillat et F.-X Amherdt, 2013)</p>
<p>L&rsquo;Evangile à l&rsquo;Ecran est un projet né en 2012, à l&rsquo;initiative d&rsquo;une équipe de jeunes théologiens et sur une idée de base du pasteur Martin Hoegger, pour offrir un parallèle « jeune » à « L&rsquo;Evangile à la Maison ».</p>
<p>Notre but est de vous offrir, chaque vendredi, un verset de l&rsquo;Evangile du dimanche à venir et une piste, à partir de ce verset, pour bien vivre la semaine qui suit.</p>
<p>Habituellement, les versets sont ceux que vous entendez le dimanche, donc issus de la traduction liturgique de l&rsquo;AELF. Leur site internet : <a title="AELF" href="http://www.aelf.org" target="_blank" rel="noopener noreferrer">www.aelf.org</a></p>
<p>Pendant la Semaine Sainte, nous rédigeons et vous envoyons une piste QUOTIDIENNE.</p>
<p>Et pendant le temps de l&rsquo;Avent, nous invitons un auteur par jour à nous rejoindre, grands noms de la théologie ou purs anonymes, chaque jour ils vous offrent un calendrier de l&rsquo;Avent tandis que les cinq auteurs traditionnels s&rsquo;accordent quatre semaines de repos&#8230;</p>
<p>Nous sommes partis d&rsquo;une <a href="http://www.facebook.com/levangilealecran" target="_blank" rel="noopener noreferrer">page facebook</a>. Ce site est fait pour toutes les personnes qui ne sont pas connectées à Facebook mais qui souhaitent nous suivre tout de même.</p>
<p>Vous souhaitez rejoindre l&rsquo;équipe des auteurs ? Ecrivez-nous un <a href="mailto:benjamin@levangilealecran.com" target="_blank" rel="noopener noreferrer">petit mail</a>.</p>
<p>MERCI de votre intérêt pour notre projet&#8230;</p>
<p>Lisez la Bible !</p>

<p>&gt; Mettre l&rsquo;Evangile à l&rsquo;Ecran, (article de Benjamin Corbaz, dans le journal « Réformés », édition La Côte, avril 2020) &gt; Les invités de l&rsquo;Evangile à l&rsquo;Ecran pour l&rsquo;Avent, (article dans GRANDIR par Vincent Lafargue, nov. 2015) &gt; L&rsquo;Evangile à l&rsquo;Ecran expliqué dans le journal Arc en Sierre, (article de Chantal Salamin-Bérard, janvier 2014) &gt; L&rsquo;Evangile à l&rsquo;Ecran dans « Web &amp; Co et Pastorale » (ouvrage de J.-C. Boillat et F.-X Amherdt, 2013) L&rsquo;Evangile à l&rsquo;Ecran est un projet né en 2012, à l&rsquo;initiative d&rsquo;une équipe de jeunes théologiens et sur une idée de base du pasteur Martin Hoegger, pour offrir un parallèle « jeune » à « L&rsquo;Evangile à la Maison ». Notre but est de vous offrir, chaque … <a class="continue-reading-link" href="https://levangilealecran.com/?page_id=47"> Continue reading <span class="meta-nav">&rarr; </span></a></p>
